(-25))/(1/120). What is the greatest common divisor of a and 32?
32
Let v be (8/(-6))/(6/9)*-20. What is the highest common factor of 100 and v?
20
Let m(s) = s - 2. Let j be m(9). Let p be 72/j + 2/(-7). Calculate the highest common divisor of p and 90.
10
Let g be 30/75 + (-463)/(-5). Calculate the greatest common divisor of 31 and g.
31
Let v(a) = 2*a**3 - 5*a**2 - 2*a**3 - 4*a**3 + 6*a**2. Let j be v(-2). Let h = 3 - -1. What is the greatest common divisor of j and h?
4
Suppose -5*s + 0*s = -60. Let g = s - 9. What is the greatest common divisor of g and 9?
3
Suppose -3*h + 4*h = 77. Let o(f) = 4*f**2 - 2*f - 1. Let n be o(2). Calculate the greatest common divisor of n and h.
11
Suppose 3*w + 2*w = 0. Suppose 4*r + 0*r - 352 = w. Calculate the highest common divisor of r and 22.
22
Suppose 2*b - 5*b + 6 = 0. Suppose 3*f - 4*z + 6*z = 20, 0 = -z - 5. Let a = -4 + f. What is the highest common factor of a and b?
2
Suppose i - 4*k = -29 + 8, 5*i - 4*k + 57 = 0. Let l = i + 31. Let c = 5 + -3. Calculate the greatest common divisor of l and c.
2
Let c = 721 - 413. Calculate the highest common factor of c and 28.
28
Let o(z) = 2*z - 44. Let a be o(23). What is the highest common factor of 32 and a?
2
Suppose -4*k - k - 2235 = 0. Let m(f) = -35*f + 1. Let o be m(8). Let x = o - k. What is the greatest common divisor of x and 21?
21
Suppose 6*c - 10*c = -20. Suppose 0 = 3*x - 10 - c. Suppose 2*g = -x*u + 79, -g + 3*u = -3*g + 73. Calculate the greatest common divisor of g and 80.
16
Let q(w) = -11*w + 1. Let p be q(-1). Let v be 12*(30/(-8))/(-5). Let j = v + -6. What is the highest common divisor of p and j?
3
Let w(n) = n**2. Let z be w(0). Suppose -l - 3*l + 160 = z. What is the highest common divisor of l and 8?
8
Suppose 0 = -2*w + w + 9. Let h(r) = -r**2 + 10*r + 3. Let i be h(w). What is the greatest common factor of 48 and i?
12
Suppose 3*h = -0*h. Suppose -3*k + 5 = -z + 17, -5*z + k + 46 = h. Let s be 2 - -2*1/(-2). What is the highest common factor of z and s?
1
Suppose 2*w = 5*w + 12. Let c(v) = -v**3 - 2*v**2 + 4*v - 3. Let g be c(w). What is the highest common factor of 143 and g?
13
Let b(n) be the first derivative of -n**3/3 - 7*n**2/2 - 6*n + 1. Suppose -2*q - 3*q - 20 = 0. Let s be b(q). Calculate the greatest common divisor of 6 and s.
6
Let b = -44 - -68. Let c be (-12)/(-2)*108/b. Calculate the highest common factor of c and 3.
3
Suppose 26*z - 22*z - 44 = 0. Calculate the greatest common factor of z and 77.
11
Suppose 0 = w - 3*w - 2*y + 2, -3*y + 9 = -3*w. Let j be (w + 5)/((-22)/(-33)). What is the highest common factor of 54 and j?
6
Suppose 2*p = -3*l, 3*l - 16 = -2*l + 2*p. Suppose -5*f - 46 = -3*y + 91, 3*y - 151 = -l*f. Calculate the highest common divisor of 7 and y.
7
Let i = -305 - 919. Let j be 1/(-2*4/i). Calculate the greatest common divisor of j and 17.
17
Suppose 0 = -3*l + 3*g + 10 + 38, 3*l = -g + 28. What is the highest common factor of 11 and l?
11
Let r = -5 + 24. What is the highest common factor of r and 38?
19
Suppose 5*r = r + 336. Suppose -3*n = -4*i + n + 52, -4*i = 4*n - 76. Let k be 44/3 - i/24. Calculate the greatest common divisor of r and k.
14
Suppose -65 = -6*g + g. Let u = 10 - 30. Let z = u + 59. Calculate the highest common factor of g and z.
13
Let d be (18/8 - 3)/(4/(-96)). What is the highest common factor of 2 and d?
2
Let f = 614 + -385. Let q = -133 + f. Suppose 0*j - 4*j + q = 0. Calculate the greatest common factor of 3 and j.
3
Let j be -1 + 1 - (4 + -6 - 6). What is the greatest common factor of j and 72?
8
Let a(y) = -y**2 + 9*y - 5. Let r be a(7). Calculate the highest common divisor of r and 9.
9
Let p be 445*(1 + 6/(-10)). Suppose -p = -5*q - 2*s, 3*s + 147 = 3*q + q. Let m = 21 + -12. Calculate the greatest common divisor of q and m.
9
Let b(o) = -o + 1. Let n be b(-7). Suppose 3*x - 352 = -x. What is the highest common factor of x and n?
8
Suppose 0 = 4*d - d - 12. Suppose -d*p + 149 = -203. Calculate the highest common factor of 11 and p.
11
Let v(m) = -m**2 + 11*m + 1. Let w be v(11). What is the greatest common divisor of w and 1?
1
Let x(z) = -3*z - 3. Let p be x(-3). Suppose -5*o + 16 = p. Let c be (-48)/72 - 112/(-6). Calculate the greatest common factor of o and c.
2
Let b be ((-12)/18)/((-4)/6). Let j(x) = x**3 + x + 4. Let s be j(0). Calculate the greatest common divisor of b and s.
1
Let u = -15 + 24. Let j = 95 + -102. Let l = u + j. What is the greatest common factor of 8 and l?
2
Let p = 6 + -3. Let y(f) = 8*f + 4. Let s(m) = 7*m + 3. Let d(i) = p*s(i) - 2*y(i). Let z be d(3). What is the greatest common divisor of 32 and z?
16
Let j be -1*5*(-8)/10. Let v(r) be the second derivative of -r**3/6 - r**2 - r. Let n be v(-4). What is the greatest common factor of j and n?
2
Let x(g) be the second derivative of g**4/3 - g**3/3 + 3*g**2/2 - 2*g. Let t be x(2). What is the greatest common factor of 15 and t?
15
Let z(s) = -s**2 + s + 15. Let o be z(0). Let n be -2*(3 - (-27)/(-2)). Let j = n - 11. Calculate the highest common divisor of j and o.
5
Suppose 0 = -5*k - 15, 4*k + 28 = -2*d + 176. Let i be 2/7 + 666/21. What is the highest common factor of i and d?
16
Suppose -4*j + 10 = -10. Calculate the greatest common divisor of 15 and j.
5
Suppose -8 = f - 24. Suppose -15 = -3*v + 9. What is the greatest common divisor of f and v?
8
Suppose -41 = -d + 9. What is the highest common divisor of 125 and d?
25
Let u(r) = -r**2 + 21*r + 5. Let x be u(19). What is the highest common divisor of x and 301?
43
Let z(b) = 2*b - 12. Let f be z(9). Let s = f + -2. Suppose -3*d + 6*d - 7 = c, -s*d + 3*c = -6. Calculate the greatest common factor of d and 9.
3
Let t be 10/65 - (-80)/(-13). Let k(s) = s**2 + 2*s - 5. Let g be k(t). Let a = -3 - -41. What is the greatest common divisor of g and a?
19
Suppose 4*i + 4*f + 37 = 3*f, 5*i + 5*f + 50 = 0. Let a = i - -13. What is the greatest common factor of 10 and a?
2
Suppose 4*m = -5*z + 192, m - z + 0*z - 48 = 0. Calculate the highest common divisor of 6 and m.
6
Let i(s) = s**3 - s**2 + s + 473. Let r be i(0). Let z = -308 + r. What is the highest common divisor of z and 15?
15
Suppose 4 = -d, -d + 157 = -s + 180. Let g = 1 - -1. Suppose -855 = g*c - 7*c. What is the highest common factor of s and c?
19
Let g = 5 + 9. Let w(u) = 19*u**2 - 3*u. Let c be w(2). Calculate the highest common factor of g and c.
14
Let l(j) = -j**3 - 5*j**2 + 7*j + 5. Suppose -3*o + 3*n - 30 = 0, 1 = -o + 3*n - 5*n. Let x be l(o). Calculate the highest common factor of x and 18.
18
Suppose -22*a - 33 = -25*a. What is the highest common divisor of a and 121?
11
Let f be ((-2)/(-3))/((-20)/270). Let y(x) = x**2 + 8*x - 2. Let d be y(f). Calculate the greatest common divisor of 63 and d.
7
Let u(r) = -r**2 + r + 9. Let s be u(0). What is the highest common divisor of s and 81?
9
Let t = 39 + -27. What is the highest common divisor of 6 and t?
6
Suppose -3*b + 9 = 0, b = -5*g + 4*b + 161. What is the highest common factor of 374 and g?
34
Let q = 188 - 108. Suppose 3*b + 0*b = 198. Let t = b - 34. What is the greatest common divisor of t and q?
16
Let d(k) = -15*k**2 + 2*k - 3. Let g(c) = 16*c**2 - c + 2. Let t(r) = -6*d(r) - 5*g(r). Let j be t(4). Calculate the highest common factor of 20 and j.
20
Let q be (-52)/6 - (-8)/12. Let v = q - -16. Calculate the highest common divisor of 40 and v.
8
Suppose 2*x = x - o + 65, 5*x = 4*o + 307. Let f be 2/((-2)/(-2)) + 0. Suppose -g = j - 3, 0 = -f*j + j - 4. What is the highest common factor of x and g?
7
Suppose -b = 5*w - 3 - 20, -5*b + 4*w = -28. Suppose -3*j + 0*j + 69 = 0. Let z = j + 9. Calculate the highest common factor of z and b.
8
Let w = -2 + 0. Let d = -4 - 3. Let i be w/(-7) + (-1538)/d. What is the greatest common factor of i and 20?
20
Let b(n) = -n**2 + 6*n + 6. Let v be b(6). What is the highest common factor of 66 and v?
6
Suppose 4*k - 175 = 2*t + 3*t, -2*k + 75 = -5*t. Suppose a - 17 = 4*f, -6*a + 8*a - 5*f = 40. What is the highest common factor of k and a?
25
Suppose 0 = -8*y - 5 + 21. Let r be (-2)/(-8) - 87/(-4). What is the highest common factor of y and r?
2
Suppose 41 = f + 13. Let l = f + -13. Calculate the greatest common divisor of 10 and l.
5
Let b be 12 + -11 - 5*4. Let d = 30 + b. 